and 7544442.
1086
What is the highest common divisor of 454323138 and 17038?
2434
What is the greatest common divisor of 109982724 and 105879?
3651
What is the greatest common factor of 84930 and 8873?
19
What is the highest common divisor of 897556 and 34430?
22
Calculate the highest common factor of 94 and 27630078.
94
What is the greatest common factor of 59211 and 9911646?
1377
What is the highest common divisor of 39213 and 2655?
9
Calculate the greatest common divisor of 4632 and 2015668068.
2316
What is the greatest common factor of 22652 and 15512?
28
Calculate the highest common factor of 82 and 71448527.
41
Calculate the highest common divisor of 37881 and 1845198.
207
What is the highest common factor of 2708000 and 11000?
1000
Calculate the greatest common divisor of 2175 and 491753.
29
What is the highest common factor of 129132120 and 915?
915
Calculate the highest common factor of 33 and 369423604.
11
Calculate the highest common factor of 10145 and 11835.
5
Calculate the greatest common divisor of 65 and 151143785.
65
Calculate the highest common factor of 5013 and 208863.
9
What is the highest common factor of 1208 and 177689552?
1208
What is the highest common divisor of 24567 and 127167?
57
What is the greatest common divisor of 59808 and 1321572?
84
What is the greatest common factor of 484 and 403221060?
44
Calculate the greatest common factor of 5441408 and 512.
128
What is the highest common divisor of 37055796 and 888?
444
Calculate the greatest common divisor of 5412288 and 768.
192
Calculate the greatest common factor of 33032 and 12752.
8
Calculate the highest common factor of 257554 and 207.
23
Calculate the highest common factor of 852649 and 56.
7
What is the greatest common factor of 1111968 and 396?
396
Calculate the greatest common factor of 596 and 2305063972.
596
Calculate the highest common factor of 479094 and 32403.
21
What is the greatest common divisor of 73887 and 13343?
11
What is the highest common divisor of 715645549 and 85?
17
Calculate the greatest common factor of 1327594359 and 273.
273
What is the greatest common factor of 492 and 88752372?
492
What is the highest common factor of 726759264 and 11?
11
What is the greatest common factor of 3270 and 895098735?
1635
What is the greatest common divisor of 558 and 903366?
18
What is the greatest common factor of 7865765 and 5?
5
Calculate the highest common factor of 1886654 and 451.
11
Calculate the greatest common divisor of 117 and 4644153.
9
What is the greatest common factor of 108996759 and 21636?
5409
Calculate the highest common factor of 389831 and 206141.
2041
What is the greatest common factor of 46759563 and 93?
93
What is the greatest common divisor of 247938 and 56158?
86
Calculate the greatest common divisor of 738 and 9797598.
18
What is the greatest common factor of 12 and 11868008?
4
What is the greatest common factor of 15231776 and 3710?
742
Calculate the highest common divisor of 7822334 and 676.
338
Calculate the greatest common factor of 10570995 and 61616.
3851
Calculate the highest common factor of 749 and 16088627.
107
What is the greatest common factor of 285 and 889143?
57
Calculate the greatest common divisor of 777592073 and 23.
23
Calculate the highest common divisor of 89411 and 8533.
371
What is the greatest common factor of 1684 and 374023978?
842
Calculate the greatest common factor of 8118 and 14835194.
902
What is the highest common divisor of 71344463 and 4135?
827
Calculate the highest common factor of 2708384 and 81312.
224
Calculate the highest common divisor of 31256840 and 80.
40
Calculate the highest common divisor of 4380 and 3768510.
30
Calculate the greatest common divisor of 18372 and 6432.
12
Calculate the greatest common factor of 2335 and 88323243.
467
Calculate the greatest common factor of 318 and 1631870.
106
Calculate the highest common factor of 275 and 30369350.
275
Calculate the greatest common factor of 10090458 and 5031.
9
What is the highest common divisor of 2473280 and 27848?
472
Calculate the greatest common factor of 11866128 and 100068.
3228
Calculate the greatest common factor of 37600 and 12737.
47
Calculate the highest common factor of 50 and 985190.
10
What is the highest common factor of 9647 and 76747?
11
Calculate the greatest common divisor of 3508191 and 729.
243
Calculate the greatest common divisor of 1861836 and 8.
4
What is the greatest common divisor of 11894695 and 93574?
3599
What is the greatest common factor of 3572636 and 92?
92
What is the highest common factor of 56824610 and 10?
10
Calculate the greatest common divisor of 88 and 2866672.
8
Calculate the greatest common factor of 79313344 and 22.
22
Calculate the highest common divisor of 31 and 1018934598.
31
What is the greatest common factor of 1115165 and 390925?
4115
What is the highest common factor of 9863 and 24906?
7
Calculate the highest common factor of 1636929 and 69174.
567
Calculate the highest common divisor of 10 and 4296918.
2
Calculate the highest common divisor of 138400 and 17133600.
800
What is the highest common divisor of 792 and 622248?
264
What is the greatest common divisor of 8354952 and 32?
8
Calculate the highest common divisor of 76768320 and 160.
160
Calculate the greatest common factor of 154 and 2857834903.
77
What is the highest common factor of 1345 and 111314621?
269
Calculate the greatest common factor of 9603180 and 19840.
620
What is the greatest common divisor of 16856 and 664264?
344
What is the greatest common factor of 3320629 and 65?
13
Calculate the highest common factor of 46314555 and 4410.
735
What is the highest common divisor of 2059614 and 108?
54
What is the greatest common factor of 134562 and 8089036?
1094
Calculate the highest common divisor of 353566 and 136.
34
Calculate the greatest common factor of 4278 and 91311771.
2139
Calculate the greatest common divisor of 5821286336 and 731.
731
Calculate the highest common factor of 12642 and 483777.
147
What is the greatest common factor of 8941440 and 870?
30
Calculate the highest common divisor of 45012 and 419089.
341
Calculate the greatest common divisor of 1650579 and 777.
21
Calculate the greatest common factor of 26922978 and 29520.
738
What is the highest common factor of 19743876 and 36?
36
Calculate the highest common divisor of 77392 and 12387557.
4837
Calculate the greatest common divisor of 2792 and 46307414.
698
Calculate the greatest common factor of 19886 and 248249.
163
What is the greatest common factor of 8460938 and 688?
86
Calculate the greatest common divisor of 46528073 and 3196.
47
Calculate the highest common factor of 22 and 239079830.
22
Calculate the greatest common factor of 1651958 and 2464.
154
Calculate the highest common divisor of 1804 and 64941376.
164
What is the greatest common factor of 34487093 and 1003?
59
Calculate the highest common factor of 1909560052 and 284.
284
Calculate the greatest common divisor of 2056611 and 12.
3
Calculate the highest common factor of 221757189 and 4407.
339
Calculate the greatest common factor of 124800 and 803140.
260
What is the highest common divisor of 37746690 and 3870?
1290
Calculate the greatest common factor of 3114530 and 256.
2
What is the greatest common divisor of 15989779 and 26?
13
What is the greatest common factor of 12 and 43124?
4
Calculate the highest common factor of 343329360 and 330.
330
What is the greatest common factor of 28 and 616021?
7
What is the highest common factor of 32144466 and 18280?
914
Calculate the highest common factor of 273905957 and 91.
13
What is the highest common divisor of 15 and 78876630?
15
What is the highest common divisor of 2352778 and 5056?
158
What is the greatest common divisor of 10423 and 39466?
7
Calculate the greatest common divisor of 2811986032 and 86.
86
What is the greatest common divisor of 4536 and 28209664?
56
Calculate the highest common factor of 79161801 and 4398.
2199
Calculate the highest common divisor of 74356 and 98808868.
2564
Calculate the greatest common divisor of 9667611 and 18.
9
Calculate the highest common factor of 33427016 and 5072.
2536
What is the greatest common divisor of 85629 and 103224?
1173
What is the greatest common factor of 1106624 and 4?
4
Wha